{"id":934,"date":"2020-08-17T16:30:48","date_gmt":"2020-08-17T14:30:48","guid":{"rendered":"http:\/\/sd-37680.dedibox.fr\/?page_id=934"},"modified":"2025-04-15T10:53:13","modified_gmt":"2025-04-15T08:53:13","slug":"metro","status":"publish","type":"page","link":"https:\/\/www.ctvim.fr\/?page_id=934","title":{"rendered":"METRO"},"content":{"rendered":"\n<h3 class=\"wp-block-heading\">Logiciels de gestion d&rsquo;activit\u00e9s m\u00e9trologiques<\/h3>\n\n\n\n<div class=\"wp-block-columns alignfull are-vertically-aligned-center is-layout-flex wp-container-core-columns-is-layout-28f84493 wp-block-columns-is-layout-flex\">\n<div class=\"wp-block-column is-vertically-aligned-center is-layout-flow wp-block-column-is-layout-flow\" style=\"flex-basis:33.33%\">\n<figure class=\"wp-block-image size-large\"><img loading=\"lazy\" decoding=\"async\" width=\"850\" height=\"494\" src=\"http:\/\/www.ctvim.fr\/wp-content\/uploads\/2020\/08\/METRO.png\" alt=\"\" class=\"wp-image-939\" srcset=\"https:\/\/www.ctvim.fr\/wp-content\/uploads\/2020\/08\/METRO.png 850w, https:\/\/www.ctvim.fr\/wp-content\/uploads\/2020\/08\/METRO-300x174.png 300w, https:\/\/www.ctvim.fr\/wp-content\/uploads\/2020\/08\/METRO-768x446.png 768w, https:\/\/www.ctvim.fr\/wp-content\/uploads\/2020\/08\/METRO-830x482.png 830w, https:\/\/www.ctvim.fr\/wp-content\/uploads\/2020\/08\/METRO-230x134.png 230w, https:\/\/www.ctvim.fr\/wp-content\/uploads\/2020\/08\/METRO-350x203.png 350w, https:\/\/www.ctvim.fr\/wp-content\/uploads\/2020\/08\/METRO-480x279.png 480w\" sizes=\"auto, (max-width: 850px) 100vw, 850px\" \/><\/figure>\n<\/div>\n\n\n\n<div class=\"wp-block-column is-vertically-aligned-center is-layout-flow wp-block-column-is-layout-flow\" style=\"flex-basis:66.66%\">\n<p>Logiciel de gestion d&rsquo;activit\u00e9s m\u00e9trologiques. Ce logiciel est maintenu depuis <strong>2015 <\/strong>et est toujours en cours d&rsquo;\u00e9volution.<\/p>\n\n\n\n<p>Objectif : <strong>0 papier<\/strong> (pour toute la gestion de l&rsquo;activit\u00e9).<\/p>\n\n\n\n<p><strong>Les utilisateurs :<\/strong><\/p>\n\n\n\n<ul class=\"wp-block-list\"><li>CTVIM (300)<\/li><\/ul>\n<\/div>\n<\/div>\n\n\n\n<p><\/p>\n","protected":false},"excerpt":{"rendered":"<p>Logiciels de gestion d&rsquo;activit\u00e9s m\u00e9trologiques Logiciel de gestion d&rsquo;activit\u00e9s m\u00e9trologiques. Ce logiciel est maintenu depuis 2015 et est toujours en cours d&rsquo;\u00e9volution. [&hellip;]<\/p>\n","protected":false},"author":2,"featured_media":0,"parent":0,"menu_order":0,"comment_status":"closed","ping_status":"closed","template":"page-templates\/page_fullwidth.php","meta":{"_coblocks_attr":"","_coblocks_dimensions":"","_coblocks_responsive_height":"","_coblocks_accordion_ie_support":"","footnotes":""},"class_list":["post-934","page","type-page","status-publish","hentry"],"_links":{"self":[{"href":"https:\/\/www.ctvim.fr\/index.php?rest_route=\/wp\/v2\/pages\/934","targetHints":{"allow":["GET"]}}],"collection":[{"href":"https:\/\/www.ctvim.fr\/index.php?rest_route=\/wp\/v2\/pages"}],"about":[{"href":"https:\/\/www.ctvim.fr\/index.php?rest_route=\/wp\/v2\/types\/page"}],"author":[{"embeddable":true,"href":"https:\/\/www.ctvim.fr\/index.php?rest_route=\/wp\/v2\/users\/2"}],"replies":[{"embeddable":true,"href":"https:\/\/www.ctvim.fr\/index.php?rest_route=%2Fwp%2Fv2%2Fcomments&post=934"}],"version-history":[{"count":0,"href":"https:\/\/www.ctvim.fr\/index.php?rest_route=\/wp\/v2\/pages\/934\/revisions"}],"wp:attachment":[{"href":"https:\/\/www.ctvim.fr\/index.php?rest_route=%2Fwp%2Fv2%2Fmedia&parent=934"}],"curies":[{"name":"wp","href":"https:\/\/api.w.org\/{rel}","templated":true}]}}