{"id":907,"date":"2020-08-17T15:53:11","date_gmt":"2020-08-17T13:53:11","guid":{"rendered":"http:\/\/sd-37680.dedibox.fr\/?page_id=907"},"modified":"2025-04-15T10:52:23","modified_gmt":"2025-04-15T08:52:23","slug":"rapport-dc","status":"publish","type":"page","link":"https:\/\/www.ctvim.fr\/?page_id=907","title":{"rendered":"Rapport D&rsquo;C"},"content":{"rendered":"\n<p><\/p>\n\n\n\n<h3 class=\"wp-block-heading\">Logiciel m\u00e9tier pour la gestion des prestations sur les instruments de pesage<\/h3>\n\n\n\n<div class=\"wp-block-columns alignfull are-vertically-aligned-center is-layout-flex wp-container-core-columns-is-layout-28f84493 wp-block-columns-is-layout-flex\">\n<div class=\"wp-block-column is-vertically-aligned-center is-layout-flow wp-block-column-is-layout-flow\" style=\"flex-basis:33.33%\">\n<figure class=\"wp-block-image size-large\"><img loading=\"lazy\" decoding=\"async\" width=\"819\" height=\"623\" src=\"http:\/\/www.ctvim.fr\/wp-content\/uploads\/2020\/08\/Rapport-DC.png\" alt=\"\" class=\"wp-image-909\" srcset=\"https:\/\/www.ctvim.fr\/wp-content\/uploads\/2020\/08\/Rapport-DC.png 819w, https:\/\/www.ctvim.fr\/wp-content\/uploads\/2020\/08\/Rapport-DC-300x228.png 300w, https:\/\/www.ctvim.fr\/wp-content\/uploads\/2020\/08\/Rapport-DC-768x584.png 768w, https:\/\/www.ctvim.fr\/wp-content\/uploads\/2020\/08\/Rapport-DC-230x175.png 230w, https:\/\/www.ctvim.fr\/wp-content\/uploads\/2020\/08\/Rapport-DC-350x266.png 350w, https:\/\/www.ctvim.fr\/wp-content\/uploads\/2020\/08\/Rapport-DC-480x365.png 480w\" sizes=\"auto, (max-width: 819px) 100vw, 819px\" \/><\/figure>\n<\/div>\n\n\n\n<div class=\"wp-block-column is-vertically-aligned-center is-layout-flow wp-block-column-is-layout-flow\" style=\"flex-basis:66.66%\">\n<h4 class=\"wp-block-heading\">Version destin\u00e9e au professionnel du pesage<\/h4>\n\n\n\n<p>Logiciel de gestion d&rsquo;activit\u00e9 d&rsquo;organisme agr\u00e9\u00e9 pour la r\u00e9paration et la v\u00e9rification p\u00e9riodique des Instruments de Pesage \u00e0 Fonctionnement Non Automatique. Ce logiciel est maintenu depuis <strong>1995 <\/strong>et est toujours en cours d&rsquo;\u00e9volution.<\/p>\n\n\n\n<p>Ce logiciel permet la gestion d&rsquo;interventions m\u00e9trologiques et non m\u00e9trologiques sur tous instruments de mesure.<\/p>\n\n\n\n<p><strong>Les utilisateurs :<\/strong><\/p>\n\n\n\n<ul class=\"wp-block-list\"><li>CTVIM (300)<\/li><li>OMNIPESAGE (30)<\/li><li>TCFM (3)<\/li><li>BALCO (4)<\/li><\/ul>\n<\/div>\n<\/div>\n\n\n\n<h4 class=\"wp-block-heading\">Adaptation de la version Professionnel au secteur industriel<\/h4>\n\n\n\n<p>Ce logiciel permet la gestion d&rsquo;interventions m\u00e9trologiques et non m\u00e9trologiques sur tout instrument de mesure.<\/p>\n\n\n\n<p>De plus, ce logiciel r\u00e9pond aux exigences de la norme 21CFR11 afin de prendre en compte les signatures \u00e9lectroniques.<\/p>\n","protected":false},"excerpt":{"rendered":"<p>Logiciel m\u00e9tier pour la gestion des prestations sur les instruments de pesage Version destin\u00e9e au professionnel du pesage Logiciel de gestion d&rsquo;activit\u00e9 [&hellip;]<\/p>\n","protected":false},"author":2,"featured_media":0,"parent":0,"menu_order":0,"comment_status":"closed","ping_status":"closed","template":"page-templates\/page_fullwidth.php","meta":{"_coblocks_attr":"","_coblocks_dimensions":"","_coblocks_responsive_height":"","_coblocks_accordion_ie_support":"","footnotes":""},"class_list":["post-907","page","type-page","status-publish","hentry"],"_links":{"self":[{"href":"https:\/\/www.ctvim.fr\/index.php?rest_route=\/wp\/v2\/pages\/907","targetHints":{"allow":["GET"]}}],"collection":[{"href":"https:\/\/www.ctvim.fr\/index.php?rest_route=\/wp\/v2\/pages"}],"about":[{"href":"https:\/\/www.ctvim.fr\/index.php?rest_route=\/wp\/v2\/types\/page"}],"author":[{"embeddable":true,"href":"https:\/\/www.ctvim.fr\/index.php?rest_route=\/wp\/v2\/users\/2"}],"replies":[{"embeddable":true,"href":"https:\/\/www.ctvim.fr\/index.php?rest_route=%2Fwp%2Fv2%2Fcomments&post=907"}],"version-history":[{"count":0,"href":"https:\/\/www.ctvim.fr\/index.php?rest_route=\/wp\/v2\/pages\/907\/revisions"}],"wp:attachment":[{"href":"https:\/\/www.ctvim.fr\/index.php?rest_route=%2Fwp%2Fv2%2Fmedia&parent=907"}],"curies":[{"name":"wp","href":"https:\/\/api.w.org\/{rel}","templated":true}]}}