{"id":521,"date":"2020-07-23T10:09:19","date_gmt":"2020-07-23T08:09:19","guid":{"rendered":"http:\/\/sd-37680.dedibox.fr\/?page_id=521"},"modified":"2020-10-03T12:46:29","modified_gmt":"2020-10-03T10:46:29","slug":"refractometres-4","status":"publish","type":"page","link":"https:\/\/www.ctvim.fr\/?page_id=521","title":{"rendered":"Les R\u00e9fractom\u00e8tres"},"content":{"rendered":"\n<h3 class=\"wp-block-heading\">Instruments mesurant la teneur en sucre des mo\u00fbts de raisin<\/h3>\n\n\n\n<p>Les prestations suivantes sont r\u00e9alis\u00e9es par les membres de la coop\u00e9rative<\/p>\n\n\n\n<div class=\"wp-block-coblocks-media-card alignwide is-style-left is-stacked-on-mobile coblocks-media-card-82211161837\"><div class=\"wp-block-coblocks-media-card__inner has-no-padding\"><div class=\"wp-block-coblocks-media-card__wrapper\"><figure class=\"wp-block-coblocks-media-card__media\"><img loading=\"lazy\" decoding=\"async\" width=\"891\" height=\"1024\" src=\"http:\/\/www.ctvim.fr\/wp-content\/uploads\/Marque-reparation-e1600765681933-891x1024.jpg\" alt=\"\" class=\"wp-image-1770\" srcset=\"https:\/\/www.ctvim.fr\/wp-content\/uploads\/Marque-reparation-e1600765681933-891x1024.jpg 891w, https:\/\/www.ctvim.fr\/wp-content\/uploads\/Marque-reparation-e1600765681933-261x300.jpg 261w, https:\/\/www.ctvim.fr\/wp-content\/uploads\/Marque-reparation-e1600765681933-768x882.jpg 768w, https:\/\/www.ctvim.fr\/wp-content\/uploads\/Marque-reparation-e1600765681933-830x954.jpg 830w, https:\/\/www.ctvim.fr\/wp-content\/uploads\/Marque-reparation-e1600765681933-230x264.jpg 230w, https:\/\/www.ctvim.fr\/wp-content\/uploads\/Marque-reparation-e1600765681933-350x402.jpg 350w, https:\/\/www.ctvim.fr\/wp-content\/uploads\/Marque-reparation-e1600765681933-480x552.jpg 480w, https:\/\/www.ctvim.fr\/wp-content\/uploads\/Marque-reparation-e1600765681933.jpg 960w\" sizes=\"auto, (max-width: 891px) 100vw, 891px\" \/><\/figure><div class=\"wp-block-coblocks-media-card__content\">\n<div class=\"wp-block-coblocks-row coblocks-row-822111618215\" data-columns=\"1\" data-layout=\"100\"><div class=\"wp-block-coblocks-row__inner has-background has-padding has-huge-padding has-no-margin is-stacked-on-mobile has-medium-gutter\" style=\"background-color:#FFFFFF\">\n<div class=\"wp-block-coblocks-column coblocks-column-822111618222\" style=\"width:100%\"><div class=\"wp-block-coblocks-column__inner has-no-padding has-no-margin\">\n<h4 class=\"wp-block-heading\"><a href=\".\/wp-content\/uploads\/REFRACTOMETRE-RE-Certificat-25851.pdf\" target=\"_blank\" rel=\"noreferrer noopener\">Membres certifi\u00e9s pour la r\u00e9paration<\/a><\/h4>\n\n\n\n<p>La r\u00e9paration comprend les \u00e9tapes suivantes :<\/p>\n\n\n\n<ul class=\"wp-block-list\"><li>Une demande du client<\/li><li>Prise en compte de la demande<\/li><li>Planification<\/li><li>Pr\u00e9paration des moyens<\/li><li>R\u00e9alisation de la prestation<\/li><li>Remont\u00e9e d&rsquo;information DIRECCTE<\/li><\/ul>\n\n\n\n<h4 class=\"wp-block-heading\"><a href=\".\/wp-content\/uploads\/REFRACTOMETRE-RE-Certificat-25851.pdf\" target=\"_blank\" rel=\"noreferrer noopener\">Membres certifi\u00e9s pour la r\u00e9vision p\u00e9riodique<\/a><\/h4>\n\n\n\n<p>La r\u00e9vision p\u00e9riodique comprend les \u00e9tapes suivantes :<\/p>\n\n\n\n<ul class=\"wp-block-list\"><li>Une demande du client<\/li><li>Prise en compte de la demande<\/li><li>Planification et information DIRECCTE<\/li><li>Pr\u00e9paration des moyens<\/li><li>R\u00e9alisation de la prestation<\/li><li>Remont\u00e9e d&rsquo;information DIRECCTE<\/li><\/ul>\n\n\n\n<p><\/p>\n<\/div><\/div>\n<\/div><\/div>\n<\/div><\/div><\/div><\/div>\n\n\n\n<p><\/p>\n\n\n\n<div class=\"wp-block-coblocks-media-card alignwide is-style-right is-stacked-on-mobile coblocks-media-card-822112056832\"><div class=\"wp-block-coblocks-media-card__inner has-no-padding\"><div class=\"wp-block-coblocks-media-card__wrapper\" style=\"grid-template-columns:auto 40%\"><figure class=\"wp-block-coblocks-media-card__media\"><img loading=\"lazy\" decoding=\"async\" width=\"768\" height=\"1024\" src=\"http:\/\/www.ctvim.fr\/wp-content\/uploads\/Vignette-verte-rouge-768x1024.jpg\" alt=\"\" class=\"wp-image-1771\" srcset=\"https:\/\/www.ctvim.fr\/wp-content\/uploads\/Vignette-verte-rouge-768x1024.jpg 768w, https:\/\/www.ctvim.fr\/wp-content\/uploads\/Vignette-verte-rouge-225x300.jpg 225w, https:\/\/www.ctvim.fr\/wp-content\/uploads\/Vignette-verte-rouge-830x1107.jpg 830w, https:\/\/www.ctvim.fr\/wp-content\/uploads\/Vignette-verte-rouge-230x307.jpg 230w, https:\/\/www.ctvim.fr\/wp-content\/uploads\/Vignette-verte-rouge-350x467.jpg 350w, https:\/\/www.ctvim.fr\/wp-content\/uploads\/Vignette-verte-rouge-480x640.jpg 480w, https:\/\/www.ctvim.fr\/wp-content\/uploads\/Vignette-verte-rouge.jpg 960w\" sizes=\"auto, (max-width: 768px) 100vw, 768px\" \/><\/figure><div class=\"wp-block-coblocks-media-card__content\">\n<div class=\"wp-block-coblocks-row coblocks-row-8221120572\" data-columns=\"1\" data-layout=\"100\"><div class=\"wp-block-coblocks-row__inner has-background has-padding has-huge-padding has-no-margin is-stacked-on-mobile has-medium-gutter\" style=\"background-color:#FFFFFF\">\n<div class=\"wp-block-coblocks-column coblocks-column-8221120576\" style=\"width:100%\"><div class=\"wp-block-coblocks-column__inner has-no-padding has-no-margin\">\n<h3 class=\"wp-block-heading\">\u200bLa marque de v\u00e9rification p\u00e9riodique<\/h3>\n\n\n\n<p>La marque de v\u00e9rification p\u00e9riodique est appos\u00e9e \u00e0 l&rsquo;issue de la r\u00e9paration \/ r\u00e9vision p\u00e9riodique<\/p>\n<\/div><\/div>\n<\/div><\/div>\n<\/div><\/div><\/div><\/div>\n\n\n\n<figure class=\"wp-block-pullquote\"><blockquote><p><a href=\".\/?page_id=223\">Pour en savoir plus sur la r\u00e8glementation<\/a><\/p><\/blockquote><\/figure>\n\n\n\n<p><\/p>\n","protected":false},"excerpt":{"rendered":"<p>Instruments mesurant la teneur en sucre des mo\u00fbts de raisin Les prestations suivantes sont r\u00e9alis\u00e9es par les membres de la coop\u00e9rative Pour [&hellip;]<\/p>\n","protected":false},"author":2,"featured_media":0,"parent":0,"menu_order":0,"comment_status":"closed","ping_status":"closed","template":"page-templates\/page_fullwidth.php","meta":{"_coblocks_attr":"","_coblocks_dimensions":"","_coblocks_responsive_height":"","_coblocks_accordion_ie_support":"","footnotes":""},"class_list":["post-521","page","type-page","status-publish","hentry"],"_links":{"self":[{"href":"https:\/\/www.ctvim.fr\/index.php?rest_route=\/wp\/v2\/pages\/521","targetHints":{"allow":["GET"]}}],"collection":[{"href":"https:\/\/www.ctvim.fr\/index.php?rest_route=\/wp\/v2\/pages"}],"about":[{"href":"https:\/\/www.ctvim.fr\/index.php?rest_route=\/wp\/v2\/types\/page"}],"author":[{"embeddable":true,"href":"https:\/\/www.ctvim.fr\/index.php?rest_route=\/wp\/v2\/users\/2"}],"replies":[{"embeddable":true,"href":"https:\/\/www.ctvim.fr\/index.php?rest_route=%2Fwp%2Fv2%2Fcomments&post=521"}],"version-history":[{"count":0,"href":"https:\/\/www.ctvim.fr\/index.php?rest_route=\/wp\/v2\/pages\/521\/revisions"}],"wp:attachment":[{"href":"https:\/\/www.ctvim.fr\/index.php?rest_route=%2Fwp%2Fv2%2Fmedia&parent=521"}],"curies":[{"name":"wp","href":"https:\/\/api.w.org\/{rel}","templated":true}]}}