{"id":246,"date":"2020-07-21T08:33:08","date_gmt":"2020-07-21T06:33:08","guid":{"rendered":"http:\/\/sd-37680.dedibox.fr\/?page_id=246"},"modified":"2026-03-10T12:02:27","modified_gmt":"2026-03-10T11:02:27","slug":"formations","status":"publish","type":"page","link":"https:\/\/www.ctvim.fr\/?page_id=246","title":{"rendered":"Formations"},"content":{"rendered":"\n<div class=\"wp-block-coblocks-media-card alignwide is-style-left is-stacked-on-mobile coblocks-media-card-827115336997\"><div class=\"wp-block-coblocks-media-card__inner has-no-padding\"><div class=\"wp-block-coblocks-media-card__wrapper\" style=\"grid-template-columns:43% auto\"><figure class=\"wp-block-coblocks-media-card__media\"><img loading=\"lazy\" decoding=\"async\" width=\"499\" height=\"511\" src=\"http:\/\/www.ctvim.fr\/wp-content\/uploads\/Covid-19.jpg\" alt=\"\" class=\"wp-image-1822\" srcset=\"https:\/\/www.ctvim.fr\/wp-content\/uploads\/Covid-19.jpg 499w, https:\/\/www.ctvim.fr\/wp-content\/uploads\/Covid-19-293x300.jpg 293w, https:\/\/www.ctvim.fr\/wp-content\/uploads\/Covid-19-230x236.jpg 230w, https:\/\/www.ctvim.fr\/wp-content\/uploads\/Covid-19-350x358.jpg 350w, https:\/\/www.ctvim.fr\/wp-content\/uploads\/Covid-19-480x492.jpg 480w\" sizes=\"auto, (max-width: 499px) 100vw, 499px\" \/><\/figure><div class=\"wp-block-coblocks-media-card__content\">\n<div class=\"wp-block-coblocks-row coblocks-row-827115337157\" data-columns=\"1\" data-layout=\"100\"><div class=\"wp-block-coblocks-row__inner has-background has-padding has-huge-padding has-no-margin is-stacked-on-mobile has-medium-gutter\" style=\"background-color:#FFFFFF\">\n<div class=\"wp-block-coblocks-column coblocks-column-827115337162\" style=\"width:100%\"><div class=\"wp-block-coblocks-column__inner has-no-padding has-no-margin\">\n<h3 class=\"wp-block-heading\" id=\"transformer-le-pepin-en-pepite\">Transformer le \u00ab <strong><a href=\".\/?page_id=1221\">p\u00e9pin en p\u00e9pite<\/a><\/strong> \u00bb<\/h3>\n\n\n\n<p>L&rsquo;arriv\u00e9e dramatique du covid 19 a boulevers\u00e9 le mode de travail de notre m\u00e9tier de formateur.<\/p>\n\n\n\n<p>Pour garantir la s\u00e9curit\u00e9 de nos partenaires et de la population, nous avons dans un premier temps annul\u00e9 toutes les sessions de formation, puis (en un temps record) compl\u00e8tement repens\u00e9 notre processus de formation en :<\/p>\n\n\n\n<ul class=\"wp-block-list\">\n<li>Mettant en place des outils de t\u00e9l\u00e9formation (<a rel=\"noreferrer noopener\" href=\"https:\/\/formation.ctvim.fr\/\" target=\"_blank\">CEFOLI<\/a>)<\/li>\n\n\n\n<li>R\u00e9duisant le nombre de participant aux sessions de formation (divis\u00e9 par 3)<\/li>\n\n\n\n<li>Adaptant les programmes de fa\u00e7on \u00e0 r\u00e9duire le temps en pr\u00e9sentiel (en privil\u00e9giant la t\u00e9l\u00e9formation) pour les formations techniques<\/li>\n<\/ul>\n\n\n\n<p>Aujourd&rsquo;hui, notre service formation s&rsquo;en trouve redynamis\u00e9 et plus efficient.<\/p>\n<\/div><\/div>\n<\/div><\/div>\n<\/div><\/div><\/div><\/div>\n\n\n\n<p><\/p>\n\n\n\n<h3 class=\"wp-block-heading\" id=\"disposer-de-personnel-efficace-pour-la-gestion-et-l-utilisation-d-instruments\"><br>Disposer de personnel efficace pour la gestion et l&rsquo;utilisation d&rsquo;instruments<\/h3>\n\n\n\n<div class=\"wp-block-coblocks-row coblocks-row-9914456587\" data-columns=\"3\" data-layout=\"50-25-25\"><div class=\"wp-block-coblocks-row__inner has-no-padding has-no-margin is-stacked-on-mobile has-medium-gutter\">\n<div class=\"wp-block-coblocks-column coblocks-column-99145273\" style=\"width:50%\"><div class=\"wp-block-coblocks-column__inner has-no-padding has-no-margin\">\n<p><\/p>\n\n\n\n<p><strong>Programmes de formation standards propos\u00e9s par le CTVIM :<\/strong><\/p>\n\n\n\n<ul class=\"wp-block-list\">\n<li><strong>Formation initiale IPFNA ML VP<\/strong><br>(V\u00e9rification p\u00e9riodique des Instruments de Pesage \u00e0 Fonctionnement Non Automatique en m\u00e9trologie l\u00e9gale)<\/li>\n\n\n\n<li><strong>Formation initiale IPFNA EB<\/strong><br>(Etalonnage des Instruments de Pesage \u00e0 Fonctionnement Non Automatique)<\/li>\n\n\n\n<li><strong>Formation initiale Correspondant qualit\u00e9<\/strong><\/li>\n\n\n\n<li><strong>Formation IPFNA ML Compl\u00e9ment TPV<\/strong><br>(V\u00e9rification des Instruments de Pesage \u00e0 Fonctionnement Non Automatique en m\u00e9trologie l\u00e9gale compl\u00e9ment Terminal Point de Vente)<\/li>\n\n\n\n<li><strong>Formation Op\u00e9rateur ML Annuelle<\/strong><br>(V\u00e9rification en m\u00e9trologie l\u00e9gale formation continue annuelle)<\/li>\n<\/ul>\n<\/div><\/div>\n\n\n\n<div class=\"wp-block-coblocks-column coblocks-column-991452110\" style=\"width:25%\"><div class=\"wp-block-coblocks-column__inner has-no-padding has-no-margin\">\n<figure class=\"wp-block-image aligncenter size-large\"><img loading=\"lazy\" decoding=\"async\" width=\"317\" height=\"169\" src=\"http:\/\/www.ctvim.fr\/wp-content\/uploads\/Qualiopi.png\" alt=\"\" class=\"wp-image-2235\" srcset=\"https:\/\/www.ctvim.fr\/wp-content\/uploads\/Qualiopi.png 317w, https:\/\/www.ctvim.fr\/wp-content\/uploads\/Qualiopi-300x160.png 300w, https:\/\/www.ctvim.fr\/wp-content\/uploads\/Qualiopi-230x123.png 230w\" sizes=\"auto, (max-width: 317px) 100vw, 317px\" \/><figcaption class=\"wp-element-caption\"><a href=\"http:\/\/www.ctvim.fr\/wp-content\/uploads\/QUALIOPI-RNQ-24-02-2072-01-CTVIM-2024.pdf\" target=\"_blank\" rel=\"noreferrer noopener\">RNQ-24\/02\/2072<\/a><\/figcaption><\/figure>\n\n\n\n<p>La certification Qualiopi a \u00e9t\u00e9 d\u00e9livr\u00e9e au titre de la cat\u00e9gorie : \u00ab actions de formation \u00bb<\/p>\n\n\n\n<p><\/p>\n\n\n\n<figure class=\"wp-block-image aligncenter size-large\"><img loading=\"lazy\" decoding=\"async\" width=\"125\" height=\"100\" src=\"http:\/\/www.ctvim.fr\/wp-content\/uploads\/Pole-emploi.png\" alt=\"\" class=\"wp-image-1950\"\/><figcaption class=\"wp-element-caption\"><a href=\".\/wp-content\/uploads\/Referencement-au-catalogue-qualite-de-Pole-emploi.pdf\" target=\"_blank\" rel=\"noreferrer noopener\"><strong>R\u00e9f\u00e9renc\u00e9 Pole emploi<\/strong><\/a><\/figcaption><\/figure>\n\n\n\n<p><\/p>\n<\/div><\/div>\n\n\n\n<div class=\"wp-block-coblocks-column coblocks-column-991452125\" style=\"width:25%\"><div class=\"wp-block-coblocks-column__inner has-no-padding has-no-margin\">\n<figure class=\"wp-block-image aligncenter size-full\"><img loading=\"lazy\" decoding=\"async\" width=\"716\" height=\"772\" src=\"http:\/\/www.ctvim.fr\/wp-content\/uploads\/DATADOCK.jpg\" alt=\"\" class=\"wp-image-1012\"\/><figcaption class=\"wp-element-caption\"><strong><a href=\"https:\/\/www.data-dock.fr\/?q=node\/136\" target=\"_blank\" rel=\"noreferrer noopener\">R\u00e9f\u00e9renc\u00e9 DataDock<\/a><\/strong><\/figcaption><\/figure>\n\n\n\n<p><\/p>\n<\/div><\/div>\n<\/div><\/div>\n\n\n\n<p><\/p>\n\n\n\n<div class=\"wp-block-media-text is-stacked-on-mobile is-style-card\" style=\"grid-template-columns:55% auto\"><figure class=\"wp-block-media-text__media\"><img loading=\"lazy\" decoding=\"async\" width=\"1024\" height=\"576\" src=\"http:\/\/www.ctvim.fr\/wp-content\/uploads\/Evaluation-1024x576.jpg\" alt=\"\" class=\"wp-image-1538 size-full\" srcset=\"https:\/\/www.ctvim.fr\/wp-content\/uploads\/Evaluation-1024x576.jpg 1024w, https:\/\/www.ctvim.fr\/wp-content\/uploads\/Evaluation-300x169.jpg 300w, https:\/\/www.ctvim.fr\/wp-content\/uploads\/Evaluation-768x432.jpg 768w, https:\/\/www.ctvim.fr\/wp-content\/uploads\/Evaluation-830x467.jpg 830w, https:\/\/www.ctvim.fr\/wp-content\/uploads\/Evaluation-230x129.jpg 230w, https:\/\/www.ctvim.fr\/wp-content\/uploads\/Evaluation-350x197.jpg 350w, https:\/\/www.ctvim.fr\/wp-content\/uploads\/Evaluation-480x270.jpg 480w, https:\/\/www.ctvim.fr\/wp-content\/uploads\/Evaluation.jpg 1280w\" sizes=\"auto, (max-width: 1024px) 100vw, 1024px\" \/><\/figure><div class=\"wp-block-media-text__content\">\n<p>Chaque formation fait l\u2019objet d\u2019une \u00e9valuation.<br>Voici les r\u00e9sultats obtenus pour l\u2019ann\u00e9e 2025<br>Satisfaction des stagiaires :<br>96 % satisfaits ou tr\u00e8s satisfaits<\/p>\n<\/div><\/div>\n\n\n\n<p><\/p>\n\n\n\n<div class=\"wp-block-coblocks-media-card alignwide is-style-right is-stacked-on-mobile coblocks-media-card-8281106748\"><div class=\"wp-block-coblocks-media-card__inner has-no-padding\"><div class=\"wp-block-coblocks-media-card__wrapper\" style=\"grid-template-columns:auto 54%\"><figure class=\"wp-block-coblocks-media-card__media\"><img loading=\"lazy\" decoding=\"async\" width=\"1024\" height=\"768\" src=\"http:\/\/www.ctvim.fr\/wp-content\/uploads\/Salle-de-formation.jpg\" alt=\"\" class=\"wp-image-1830\" srcset=\"https:\/\/www.ctvim.fr\/wp-content\/uploads\/Salle-de-formation.jpg 1024w, https:\/\/www.ctvim.fr\/wp-content\/uploads\/Salle-de-formation-300x225.jpg 300w, https:\/\/www.ctvim.fr\/wp-content\/uploads\/Salle-de-formation-768x576.jpg 768w, https:\/\/www.ctvim.fr\/wp-content\/uploads\/Salle-de-formation-830x623.jpg 830w, https:\/\/www.ctvim.fr\/wp-content\/uploads\/Salle-de-formation-230x173.jpg 230w, https:\/\/www.ctvim.fr\/wp-content\/uploads\/Salle-de-formation-350x263.jpg 350w, https:\/\/www.ctvim.fr\/wp-content\/uploads\/Salle-de-formation-480x360.jpg 480w\" sizes=\"auto, (max-width: 1024px) 100vw, 1024px\" \/><\/figure><div class=\"wp-block-coblocks-media-card__content\">\n<div class=\"wp-block-coblocks-row coblocks-row-8281106904\" data-columns=\"1\" data-layout=\"100\"><div class=\"wp-block-coblocks-row__inner has-background has-padding has-huge-padding has-no-margin is-stacked-on-mobile has-medium-gutter\" style=\"background-color:#FFFFFF\">\n<div class=\"wp-block-coblocks-column coblocks-column-8281106908\" style=\"width:100%\"><div class=\"wp-block-coblocks-column__inner has-no-padding has-no-margin\">\n<h3 class=\"wp-block-heading\" id=\"centre-de-formation\">Centre de formation<\/h3>\n\n\n\n<p>Le CTVIM dispose de 3 centres de formation adapt\u00e9s \u00e0 la formation administrative et technique de ses personnels.<\/p>\n\n\n\n<p>Pour faciliter l\u2019acc\u00e8s \u00e0 la formation \u00e0 ces membres, le CTVIM dispose aussi de plusieurs salles de formation lou\u00e9es sur tout le territoire national.<\/p>\n\n\n\n<p>Certaines formations ou parties de formation peuvent \u00eatre organis\u00e9es \u00e0 distance (classe virtuelle).<\/p>\n\n\n\n<p>Enfin, le CTVIM se rend aussi chez ses membres lorsque le nombre de personnes \u00e0 former est suffisant.<\/p>\n\n\n\n<p><\/p>\n\n\n\n<div class=\"wp-block-buttons is-layout-flex wp-block-buttons-is-layout-flex\">\n<div class=\"wp-block-button\"><a class=\"wp-block-button__link wp-element-button\" href=\".\/?page_id=1831\">Carte des centres<\/a><\/div>\n\n\n\n<div class=\"wp-block-button\"><a class=\"wp-block-button__link wp-element-button\" href=\"https:\/\/formation.ctvim.fr\" target=\"_blank\" rel=\"noreferrer noopener\">CEntre de FOrmation en LIgne<\/a><\/div>\n<\/div>\n<\/div><\/div>\n<\/div><\/div>\n<\/div><\/div><\/div><\/div>\n\n\n\n<p><\/p>\n","protected":false},"excerpt":{"rendered":"<p>Disposer de personnel efficace pour la gestion et l&rsquo;utilisation d&rsquo;instruments Chaque formation fait l\u2019objet d\u2019une \u00e9valuation.Voici les r\u00e9sultats obtenus pour l\u2019ann\u00e9e 2025Satisfaction [&hellip;]<\/p>\n","protected":false},"author":2,"featured_media":0,"parent":0,"menu_order":0,"comment_status":"closed","ping_status":"closed","template":"page-templates\/page_fullwidth.php","meta":{"_coblocks_attr":"","_coblocks_dimensions":"","_coblocks_responsive_height":"","_coblocks_accordion_ie_support":"","footnotes":""},"class_list":["post-246","page","type-page","status-publish","hentry"],"_links":{"self":[{"href":"https:\/\/www.ctvim.fr\/index.php?rest_route=\/wp\/v2\/pages\/246","targetHints":{"allow":["GET"]}}],"collection":[{"href":"https:\/\/www.ctvim.fr\/index.php?rest_route=\/wp\/v2\/pages"}],"about":[{"href":"https:\/\/www.ctvim.fr\/index.php?rest_route=\/wp\/v2\/types\/page"}],"author":[{"embeddable":true,"href":"https:\/\/www.ctvim.fr\/index.php?rest_route=\/wp\/v2\/users\/2"}],"replies":[{"embeddable":true,"href":"https:\/\/www.ctvim.fr\/index.php?rest_route=%2Fwp%2Fv2%2Fcomments&post=246"}],"version-history":[{"count":2,"href":"https:\/\/www.ctvim.fr\/index.php?rest_route=\/wp\/v2\/pages\/246\/revisions"}],"predecessor-version":[{"id":3591,"href":"https:\/\/www.ctvim.fr\/index.php?rest_route=\/wp\/v2\/pages\/246\/revisions\/3591"}],"wp:attachment":[{"href":"https:\/\/www.ctvim.fr\/index.php?rest_route=%2Fwp%2Fv2%2Fmedia&parent=246"}],"curies":[{"name":"wp","href":"https:\/\/api.w.org\/{rel}","templated":true}]}}

<div class="wp-block-coblocks-media-card alignwide is-style-left is-stacked-on-mobile coblocks-media-card-827115336997"><div class="wp-block-coblocks-media-card__inner has-no-padding"><div class="wp-block-coblocks-media-card__wrapper" style="grid-template-columns:43% auto"><figure class="wp-block-coblocks-media-card__media"><img loading="lazy" decoding="async" width="499" height="511" src="http://www.ctvim.fr/wp-content/uploads/Covid-19.jpg" alt="" class="wp-image-1822" srcset="https://www.ctvim.fr/wp-content/uploads/Covid-19.jpg 499w, https://www.ctvim.fr/wp-content/uploads/Covid-19-293x300.jpg 293w, https://www.ctvim.fr/wp-content/uploads/Covid-19-230x236.jpg 230w, https://www.ctvim.fr/wp-content/uploads/Covid-19-350x358.jpg 350w, https://www.ctvim.fr/wp-content/uploads/Covid-19-480x492.jpg 480w" sizes="auto, (max-width: 499px) 100vw, 499px" /></figure><div class="wp-block-coblocks-media-card__content">
<div class="wp-block-coblocks-row coblocks-row-827115337157" data-columns="1" data-layout="100"><div class="wp-block-coblocks-row__inner has-background has-padding has-huge-padding has-no-margin is-stacked-on-mobile has-medium-gutter" style="background-color:#FFFFFF">
<div class="wp-block-coblocks-column coblocks-column-827115337162" style="width:100%"><div class="wp-block-coblocks-column__inner has-no-padding has-no-margin">
<h3 class="wp-block-heading" id="transformer-le-pepin-en-pepite">Transformer le « <strong><a href="./?page_id=1221">pépin en pépite</a></strong> »</h3>



<p>L&rsquo;arrivée dramatique du covid 19 a bouleversé le mode de travail de notre métier de formateur.</p>



<p>Pour garantir la sécurité de nos partenaires et de la population, nous avons dans un premier temps annulé toutes les sessions de formation, puis (en un temps record) complètement repensé notre processus de formation en :</p>



<ul class="wp-block-list">
<li>Mettant en place des outils de téléformation (<a rel="noreferrer noopener" href="https://formation.ctvim.fr/" target="_blank">CEFOLI</a>)</li>



<li>Réduisant le nombre de participant aux sessions de formation (divisé par 3)</li>



<li>Adaptant les programmes de façon à réduire le temps en présentiel (en privilégiant la téléformation) pour les formations techniques</li>
</ul>



<p>Aujourd&rsquo;hui, notre service formation s&rsquo;en trouve redynamisé et plus efficient.</p>
</div></div>
</div></div>
</div></div></div></div>



<p></p>



<h3 class="wp-block-heading" id="disposer-de-personnel-efficace-pour-la-gestion-et-l-utilisation-d-instruments"><br>Disposer de personnel efficace pour la gestion et l&rsquo;utilisation d&rsquo;instruments</h3>



<div class="wp-block-coblocks-row coblocks-row-9914456587" data-columns="3" data-layout="50-25-25"><div class="wp-block-coblocks-row__inner has-no-padding has-no-margin is-stacked-on-mobile has-medium-gutter">
<div class="wp-block-coblocks-column coblocks-column-99145273" style="width:50%"><div class="wp-block-coblocks-column__inner has-no-padding has-no-margin">
<p></p>



<p><strong>Programmes de formation standards proposés par le CTVIM :</strong></p>



<ul class="wp-block-list">
<li><strong>Formation initiale IPFNA ML VP</strong><br>(Vérification périodique des Instruments de Pesage à Fonctionnement Non Automatique en métrologie légale)</li>



<li><strong>Formation initiale IPFNA EB</strong><br>(Etalonnage des Instruments de Pesage à Fonctionnement Non Automatique)</li>



<li><strong>Formation initiale Correspondant qualité</strong></li>



<li><strong>Formation IPFNA ML Complément TPV</strong><br>(Vérification des Instruments de Pesage à Fonctionnement Non Automatique en métrologie légale complément Terminal Point de Vente)</li>



<li><strong>Formation Opérateur ML Annuelle</strong><br>(Vérification en métrologie légale formation continue annuelle)</li>
</ul>
</div></div>



<div class="wp-block-coblocks-column coblocks-column-991452110" style="width:25%"><div class="wp-block-coblocks-column__inner has-no-padding has-no-margin">
<figure class="wp-block-image aligncenter size-large"><img loading="lazy" decoding="async" width="317" height="169" src="http://www.ctvim.fr/wp-content/uploads/Qualiopi.png" alt="" class="wp-image-2235" srcset="https://www.ctvim.fr/wp-content/uploads/Qualiopi.png 317w, https://www.ctvim.fr/wp-content/uploads/Qualiopi-300x160.png 300w, https://www.ctvim.fr/wp-content/uploads/Qualiopi-230x123.png 230w" sizes="auto, (max-width: 317px) 100vw, 317px" /><figcaption class="wp-element-caption"><a href="http://www.ctvim.fr/wp-content/uploads/QUALIOPI-RNQ-24-02-2072-01-CTVIM-2024.pdf" target="_blank" rel="noreferrer noopener">RNQ-24/02/2072</a></figcaption></figure>



<p>La certification Qualiopi a été délivrée au titre de la catégorie : « actions de formation »</p>



<p></p>



<figure class="wp-block-image aligncenter size-large"><img loading="lazy" decoding="async" width="125" height="100" src="http://www.ctvim.fr/wp-content/uploads/Pole-emploi.png" alt="" class="wp-image-1950"/><figcaption class="wp-element-caption"><a href="./wp-content/uploads/Referencement-au-catalogue-qualite-de-Pole-emploi.pdf" target="_blank" rel="noreferrer noopener"><strong>Référencé Pole emploi</strong></a></figcaption></figure>



<p></p>
</div></div>



<div class="wp-block-coblocks-column coblocks-column-991452125" style="width:25%"><div class="wp-block-coblocks-column__inner has-no-padding has-no-margin">
<figure class="wp-block-image aligncenter size-full"><img loading="lazy" decoding="async" width="716" height="772" src="http://www.ctvim.fr/wp-content/uploads/DATADOCK.jpg" alt="" class="wp-image-1012"/><figcaption class="wp-element-caption"><strong><a href="https://www.data-dock.fr/?q=node/136" target="_blank" rel="noreferrer noopener">Référencé DataDock</a></strong></figcaption></figure>



<p></p>
</div></div>
</div></div>



<p></p>



<div class="wp-block-media-text is-stacked-on-mobile is-style-card" style="grid-template-columns:55% auto"><figure class="wp-block-media-text__media"><img loading="lazy" decoding="async" width="1024" height="576" src="http://www.ctvim.fr/wp-content/uploads/Evaluation-1024x576.jpg" alt="" class="wp-image-1538 size-full" srcset="https://www.ctvim.fr/wp-content/uploads/Evaluation-1024x576.jpg 1024w, https://www.ctvim.fr/wp-content/uploads/Evaluation-300x169.jpg 300w, https://www.ctvim.fr/wp-content/uploads/Evaluation-768x432.jpg 768w, https://www.ctvim.fr/wp-content/uploads/Evaluation-830x467.jpg 830w, https://www.ctvim.fr/wp-content/uploads/Evaluation-230x129.jpg 230w, https://www.ctvim.fr/wp-content/uploads/Evaluation-350x197.jpg 350w, https://www.ctvim.fr/wp-content/uploads/Evaluation-480x270.jpg 480w, https://www.ctvim.fr/wp-content/uploads/Evaluation.jpg 1280w" sizes="auto, (max-width: 1024px) 100vw, 1024px" /></figure><div class="wp-block-media-text__content">
<p>Chaque formation fait l’objet d’une évaluation.<br>Voici les résultats obtenus pour l’année 2025<br>Satisfaction des stagiaires :<br>96 % satisfaits ou très satisfaits</p>
</div></div>



<p></p>



<div class="wp-block-coblocks-media-card alignwide is-style-right is-stacked-on-mobile coblocks-media-card-8281106748"><div class="wp-block-coblocks-media-card__inner has-no-padding"><div class="wp-block-coblocks-media-card__wrapper" style="grid-template-columns:auto 54%"><figure class="wp-block-coblocks-media-card__media"><img loading="lazy" decoding="async" width="1024" height="768" src="http://www.ctvim.fr/wp-content/uploads/Salle-de-formation.jpg" alt="" class="wp-image-1830" srcset="https://www.ctvim.fr/wp-content/uploads/Salle-de-formation.jpg 1024w, https://www.ctvim.fr/wp-content/uploads/Salle-de-formation-300x225.jpg 300w, https://www.ctvim.fr/wp-content/uploads/Salle-de-formation-768x576.jpg 768w, https://www.ctvim.fr/wp-content/uploads/Salle-de-formation-830x623.jpg 830w, https://www.ctvim.fr/wp-content/uploads/Salle-de-formation-230x173.jpg 230w, https://www.ctvim.fr/wp-content/uploads/Salle-de-formation-350x263.jpg 350w, https://www.ctvim.fr/wp-content/uploads/Salle-de-formation-480x360.jpg 480w" sizes="auto, (max-width: 1024px) 100vw, 1024px" /></figure><div class="wp-block-coblocks-media-card__content">
<div class="wp-block-coblocks-row coblocks-row-8281106904" data-columns="1" data-layout="100"><div class="wp-block-coblocks-row__inner has-background has-padding has-huge-padding has-no-margin is-stacked-on-mobile has-medium-gutter" style="background-color:#FFFFFF">
<div class="wp-block-coblocks-column coblocks-column-8281106908" style="width:100%"><div class="wp-block-coblocks-column__inner has-no-padding has-no-margin">
<h3 class="wp-block-heading" id="centre-de-formation">Centre de formation</h3>



<p>Le CTVIM dispose de 3 centres de formation adaptés à la formation administrative et technique de ses personnels.</p>



<p>Pour faciliter l’accès à la formation à ces membres, le CTVIM dispose aussi de plusieurs salles de formation louées sur tout le territoire national.</p>



<p>Certaines formations ou parties de formation peuvent être organisées à distance (classe virtuelle).</p>



<p>Enfin, le CTVIM se rend aussi chez ses membres lorsque le nombre de personnes à former est suffisant.</p>



<p></p>



<div class="wp-block-buttons is-layout-flex wp-block-buttons-is-layout-flex">
<div class="wp-block-button"><a class="wp-block-button__link wp-element-button" href="./?page_id=1831">Carte des centres</a></div>



<div class="wp-block-button"><a class="wp-block-button__link wp-element-button" href="https://formation.ctvim.fr" target="_blank" rel="noreferrer noopener">CEntre de FOrmation en LIgne</a></div>
</div>
</div></div>
</div></div>
</div></div></div></div>



<p></p>

<p>Disposer de personnel efficace pour la gestion et l&rsquo;utilisation d&rsquo;instruments Chaque formation fait l’objet d’une évaluation.Voici les résultats obtenus pour l’année 2025Satisfaction [&hellip;]</p>
